{"id":11,"date":"2026-01-27T13:48:36","date_gmt":"2026-01-27T13:48:36","guid":{"rendered":"http:\/\/prismerecords.com\/?page_id=11"},"modified":"2026-01-27T14:05:34","modified_gmt":"2026-01-27T14:05:34","slug":"acceuil","status":"publish","type":"page","link":"https:\/\/prismerecords.com\/","title":{"rendered":"PRISME RECORDS ASBL"},"content":{"rendered":"\n<p>ASBL d\u00e9di\u00e9e \u00e0 la production, au d\u00e9veloppement et \u00e0 la diffusion de projets artistiques et musicaux.<\/p>\n\n\n\n<hr class=\"wp-block-separator has-alpha-channel-opacity\"\/>\n\n\n\n<h2 class=\"wp-block-heading\">Notre mission <\/h2>\n\n\n\n<p>PRISME RECORDS est une ASBL belge dont la mission est de soutenir la cr\u00e9ation artistique ind\u00e9pendante.<br>L\u2019association accompagne des projets musicaux et culturels \u00e0 travers leur production, leur structuration administrative et leur diffusion.<\/p>\n\n\n\n<h2 class=\"wp-block-heading\">Nos activit\u00e9s<\/h2>\n\n\n\n<ul class=\"wp-block-list\">\n<li>Production et accompagnement de projets musicaux<\/li>\n\n\n\n<li>Cr\u00e9ation et production de contenus artistiques et audiovisuels<\/li>\n\n\n\n<li>Soutien au d\u00e9veloppement de projets culturels ind\u00e9pendants<\/li>\n\n\n\n<li>Promotion et diffusion d\u2019\u0153uvres artistiques<\/li>\n\n\n\n<li>Gestion administrative et logistique li\u00e9e aux projets soutenus<\/li>\n<\/ul>\n\n\n\n<h2 class=\"wp-block-heading\">Contact<\/h2>\n\n\n\n<p>\ud83d\udce7 Email : <span style=\"text-decoration: underline;\">prisme.records.asbl@gmail.com<\/span><br>\ud83d\udccd Belgique<\/p>\n\n\n\n<p class=\"has-text-align-center\">Prisme Records ASBL \u2013 Association sans but lucratif belge<br>Num\u00e9ro d\u2019entreprise (BCE) : 1010321217<br>Si\u00e8ge social : Chauss\u00e9e de Waterloo 1571\/2, 1180 Bruxelles, Belgique<br>Contact : prisme.records.asbl@gmail.com<\/p>\n","protected":false},"excerpt":{"rendered":"<p>ASBL d\u00e9di\u00e9e \u00e0 la production, au d\u00e9veloppement et \u00e0 la diffusion de projets artistiques et musicaux. Notre mission PRISME RECORDS est une ASBL belge dont la mission est de soutenir la cr\u00e9ation artistique ind\u00e9pendante.L\u2019association accompagne des projets musicaux et culturels \u00e0 travers leur production, leur structuration administrative et leur diffusion. Nos activit\u00e9s Contact \ud83d\udce7 Email [&hellip;]<\/p>\n","protected":false},"author":1,"featured_media":0,"parent":0,"menu_order":0,"comment_status":"closed","ping_status":"closed","template":"","meta":{"footnotes":""},"class_list":["post-11","page","type-page","status-publish","hentry"],"_links":{"self":[{"href":"https:\/\/prismerecords.com\/index.php\/wp-json\/wp\/v2\/pages\/11","targetHints":{"allow":["GET"]}}],"collection":[{"href":"https:\/\/prismerecords.com\/index.php\/wp-json\/wp\/v2\/pages"}],"about":[{"href":"https:\/\/prismerecords.com\/index.php\/wp-json\/wp\/v2\/types\/page"}],"author":[{"embeddable":true,"href":"https:\/\/prismerecords.com\/index.php\/wp-json\/wp\/v2\/users\/1"}],"replies":[{"embeddable":true,"href":"https:\/\/prismerecords.com\/index.php\/wp-json\/wp\/v2\/comments?post=11"}],"version-history":[{"count":3,"href":"https:\/\/prismerecords.com\/index.php\/wp-json\/wp\/v2\/pages\/11\/revisions"}],"predecessor-version":[{"id":21,"href":"https:\/\/prismerecords.com\/index.php\/wp-json\/wp\/v2\/pages\/11\/revisions\/21"}],"wp:attachment":[{"href":"https:\/\/prismerecords.com\/index.php\/wp-json\/wp\/v2\/media?parent=11"}],"curies":[{"name":"wp","href":"https:\/\/api.w.org\/{rel}","templated":true}]}}